s - 43, s = -2*p + 4*s - 9. Let n be (-24)/p + 8/2. Let g(m) = -2*m + 7. Give g(n).
-5
Let w be 0/((-3)/(-1 + -2)). Suppose w = 3*d + 6 + 3. Let g(q) be the first derivative of q**3/3 + 5*q**2/2 + 2*q - 10451. Give g(d).
-4
Let v(a) be the second derivative of -4*a**3/3 + a**2 - 617*a. Calculate v(-3).
26
Let f be (-4)/3*15/(-10) + (-4)/(-1). Let b(c) = -7*c**3 + 19*c**2 - 7*c + 1. Let p(t) = -3*t**3 + 9*t**2 - 4*t + 1. Let i(z) = 2*b(z) - 5*p(z). Give i(f).
-3
Let w(i) = 18. Let d(y) = -y - 21. Let v be 3/(6/(-1 - 5)). Let p(q) = v*w(q) - 2*d(q). Calculate p(8).
4
Let m be (-2)/(-3) + 4 + (-48)/18. Let w(i) = -i**2 - 1 + 21*i**3 + 5*i**2 - m*i**2 - 14*i**3. Calculate w(-1).
-6
Let z(w) = w**3 - w**2 - w - 1. Let c be z(-4). Let y = -29 - c. Let n = y + -46. Let b(g) = -2*g**3 + g**2 - 2*g + 2. What is b(n)?
-14
Let s(q) = -38*q + 32. Let g(a) = 7*a - 6. Let t(c) = 11*g(c) + 2*s(c). Give t(-6).
-8
Let j(r) = r + 3. Let f(i) = i + 7. Let x(m) = -4*f(m) + 9*j(m). Suppose 6 = 35*c - 33*c. Give x(c).
14
Let j be 35/(-25)*-10 + -11. Let p(b) be the third derivative of 49*b**2 - 1/4*b**4 + 0*b**j + 0*b + 0. Give p(5).
-30
Let w(r) = -104 + 3*r**2 + 1649096*r - 2*r**2 - 1649097*r. Give w(-10).
6
Let m = -23 - -19. Let j be 20/5 - m/1. Let h be (j + -11)/(9/12). Let o(w) = -w**3 - 5*w**2 - 4*w - 4. Calculate o(h).
-4
Let y(r) = -174 - 185 + 365 - r + 13*r. Determine y(-2).
-18
Let j(p) = 3*p**2 - 2*p + 14. Let c(o) = 11*o**2 - 5*o + 38. Let l(z) = 2*c(z) - 7*j(z). Give l(-6).
-10
Let n(p) be the first derivative of -p**2/2 - 2*p + 91. Suppose 5*z = 11*z. Suppose -l = -j - 6, 3*l = -j + 2 - z. What is n(j)?
2
Suppose 5*s - 30 = -2*y, y + 4*s + s = 25. Let n(q) be the second derivative of 5/2*q**2 + 1/6*q**3 + 5/12*q**4 - 1/20*q**5 - 2 + 11*q. Give n(y).
10
Let k(s) = -73 + 8 + 77300*s - 77304*s - 12. Determine k(-17).
-9
Let b(u) be the third derivative of u**7/2520 - u**6/360 + u**5/120 - u**4/6 + 5*u**3/6 - 86*u**2. Let d(p) be the second derivative of b(p). Calculate d(2).
1
Suppose -21 = -s + 4*l, -l + 3 = 5*s - 18. Suppose -3 = 5*g - 3*o - 5, -s*o - 28 = 4*g. Let z(a) = a**2 - 2. Determine z(g).
2
Let u(k) be the first derivative of -41*k**4/4 + k**2/2 + 5423. Calculate u(1).
-40
Suppose 0 = -2*w - z - 16, -5*w + 5*z = -2*w + 11. Let j(t) = 2*t**2 - 3700*t - t**2 - 3696*t - 3 + 7402*t. Calculate j(w).
4
Let r(o) be the first derivative of -o**2/2 + 2*o + 4. Suppose 5*c - 9*c = -40. Suppose -5 = -d + 3*p, 2*p + 2 = -5*d + c. Calculate r(d).
0
Let v(n) = -n**3 - 8*n**2 - 8*n + 3. Suppose 8 = 2*z - 3*j, 3*z + 5*j + 1 = -6. Let l(m) = -6*m**3 - m**2 + 2*m - 1. Let w be l(z). Give v(w).
-21
Let m(i) = -13 + 4 - 11*i**3 + 12*i**3 - 9*i**2. Suppose -6*t - 18 + 72 = 0. Give m(t).
-9
Let n(s) be the first derivative of s**4/2 + s**3/2 - 3*s**2/2 - 174*s - 28. Let r(i) be the first derivative of n(i). What is r(-3)?
42
Let c(z) be the third derivative of -z**5/60 + 5*z**4/12 - 91*z**3/6 + 3*z**2 - 5*z. Let b(q) be the first derivative of c(q). Calculate b(7).
-4
Let m(c) be the third derivative of 43*c**4/12 - c**3/6 - 3*c**2 - 539. Determine m(0).
-1
Let g(p) = 2*p. Suppose 4*m - v = -47, 9*m - 4*m + 65 = -5*v. Let o(l) be the second derivative of 5*l**3/6 + 55*l**2/2 + 4*l. Let t be o(m). Determine g(t).
-10
Let q(f) = -286*f + 77. Let y(x) = -15*x + 4. Let d(o) = 4*q(o) - 77*y(o). Let a = 279 - 280. Calculate d(a).
-11
Let f(k) = -11*k + 33. Let t = 123 - 120. Let r be f(t). Let g(j) = j**2 + j + 16. Calculate g(r).
16
Let y(r) be the third derivative of -r**7/2520 - 7*r**6/720 - r**5/24 + 341*r**4/24 + r**2 + 133*r. Let w(x) be the second derivative of y(x). Give w(-5).
5
Let u(w) = -44571*w**3 - 11*w + 2*w**2 + 44570*w**3 + 9 + 6*w**2. Determine u(4).
29
Let h(v) = 5*v - 7. Let l(a) = 9*a - 14. Let s(w) = 11*h(w) - 6*l(w). Suppose -4*t - 15 = -3*z, 0*t - 2*z = -3*t - 10. What is s(t)?
7
Let p = -258 - -252. Let x(i) be the second derivative of -i**3/6 - 7*i**2/2 + 2*i - 11. Calculate x(p).
-1
Let y(l) = -l**3 - 3*l**2 - 5*l + 6. Let k = -81 - -78. What is y(k)?
21
Let n(p) = -p**2 - 10*p - 10. Let l be n(-6). Suppose 0*w + 3*w - 4*f - 14 = 0, -2*w + l = -5*f. Let r(d) = -d**2 + d - 4. Calculate r(w).
-6
Let b be (-3)/6 + (-12)/(-8). Let q be (-7)/b - (-4 - 0). Let v(y) be the third derivative of y**4/6 + y**3/3 + 4*y**2. Give v(q).
-10
Suppose 634*f = 627*f. Suppose -3*g + 4*t = 4, 3*t = 2*g + 4*t - 12. Let k(x) = f*x**2 + g*x**2 + x - 3*x**2 + 4*x**2. What is k(1)?
6
Let u(v) = -3*v + 1. Let w(k) = k + 1. Let y(h) = u(h) + 2*w(h). Suppose 0 = -4*i + 5*b + 21, 18*i - 5*b - 57 = 20*i. Determine y(i).
9
Suppose -20 = 2*c - 26. Let o(h) = -2*h**c - 178*h**2 + 178*h**2 - 8 - 2*h + 9. What is o(2)?
-19
Let n(d) be the first derivative of 12*d - 1/3*d**3 + 134 - 9/2*d**2. Calculate n(-9).
12
Let g(p) be the first derivative of 9 - 4/3*p**3 - 2*p**2 + 1/4*p**4 - 4*p. Suppose 0 = a - 1 - 4. What is g(a)?
1
Let g(m) = 2*m + 12. Let x be g(-9). Let r(d) = -5*d + 10. Let s(w) = 2*w - 3. Let z(c) = r(c) + 3*s(c). Give z(x).
-5
Let f(j) = j**2 + 2*j**2 - 151*j - 1821 + 1770 + 149*j. Calculate f(0).
-51
Suppose -15 = -5*n, -y - 2*n + 4 = -10. Let h be (-2 - (-1 + -2)) + -1. Suppose -2*t - y*t + 10 = h. Let r(v) = 4*v + 1. Give r(t).
5
Let d(c) = c**3 - 20*c**2 + 90*c + 142. Let m be d(10). Let i(g) = 5*g - 217. Determine i(m).
-7
Let k(j) be the second derivative of -j**4/12 + 7*j**3/6 - 27*j**2/2 + 5555*j. Determine k(9).
-45
Let p(y) = 105376*y**2 - 11 - 105370*y**2 - 2*y**3 + 2*y + y**3. What is p(7)?
-46
Let y(d) = d**3 - 16*d**2 - 7*d - 164. Let g be y(17). Let h(q) = q**3 - 4*q**2 - 10*q. What is h(g)?
12
Let h(b) = -10*b + 1081. Let p be h(108). Let u(g) = -23*g**2 - 6*g + 5. Let x(n) = -70*n**2 - 17*n + 14. Let z(c) = 11*u(c) - 4*x(c). Give z(p).
28
Let k(x) be the second derivative of 1/4*x**4 + 2/3*x**3 + 21/2*x**2 - 5*x + 1/60*x**5 + 0. Let m(h) be the first derivative of k(h). Give m(-5).
-1
Let t be 14/(-1)*(-116)/14. Let u be (-10 + 0 + 2)*(-145)/t. Let y(h) = -h**2 + 10*h + 3. Determine y(u).
3
Let o(t) = 2*t + 47. Suppose 41*u - 86*u - 800 = -20*u. Determine o(u).
-17
Let y(s) = -s**3 - 3*s**2 - 3*s - 2. Let o(w) = 13*w**3 + 32*w**2 + 37*w + 41. Let z(c) = o(c) + 14*y(c). What is z(-9)?
-23
Let p(v) = -2*v + 1. Let r(x) = -510*x + 159*x + 163*x - x**2 + 163*x - 2. Let g be r(-25). Calculate p(g).
5
Let l(q) be the second derivative of -q**4/4 + 41*q**3/6 + 5*q**2/2 - 6*q + 82. Give l(14).
-9
Let y(n) = 11*n - 133323*n**3 + 66661*n**3 + 66663*n**3 + 12 + 12*n**2. What is y(-5)?
132
Let k(h) be the first derivative of h**4/4 + 4*h**3 + 13*h**2/2 + 16*h - 5215. Suppose -17 = 4*w + 27. Calculate k(w).
-6
Let z(m) = -4*m**2 - m**2 - 1 - 2*m + 0. Suppose 2*f + 2*k = 795 - 2267, 2*k = 2*f + 1460. Let t = 732 + f. Calculate z(t).
-4
Let f(y) be the third derivative of y**7/2520 - y**6/144 - 17*y**5/4 + 135*y**2. Let g(a) be the third derivative of f(a). Calculate g(8).
11
Let y(b) = -4*b - 11 + 2*b + 1 + 6. Suppose -x + 5*x + 20 = 0. Calculate y(x).
6
Let o(p) = -194*p + 5. Let y be o(0). Let a(z) = -z**3 + 5*z**2 - 3*z + 15. Determine a(y).
0
Let i be 0 + (-8)/(-4) + 3. Let k(g) = -4 - 5 + 6*g**2 + i - g**3 + 2 + g. Let f be (-44)/(-7) - (-82)/(-287). Give k(f).
4
Let h(c) = c**2 - 6*c + 10. Suppose -19*i + 8*i = 22. Let w be i*(-9 + 13 + -6). Calculate h(w).
2
Let w(g) = -7*g**2 - 53. Let a(x) = -x**2 - x - 8. Let y(c) = 6*a(c) - w(c). Suppose 0 = z - 4 - 0. What is y(z)?
-3
Let r(a) = -a**2 - 4*a - 9. Let t be r(6). Let u = 117 + t. Let n = -46 + u. Let j(l) = -l**2 + 4*l - 2. Determine j(n).
2
Let d(r) = r**3 - 17*r**2 + 3*r - 33. Let a be d(17). Let n be (6/a)/(9/(-216)). Let s(y) = y - 4. Give s(n).
-12
Let t(n) = -4 - 178*n**2 - 11*n + 6*n - 2*n + 177*n**2. Determine t(-3).
8
Suppose 23*k + 131368 = 131414. Let u(h) be the first derivative of -1/2*h**k - 6*h + 17. Give u(0).
-6
Suppose 133 - 88 = -5*v + 3*o, 2*v + o = -29. Let m(q) = 6*q + 52. Give m(v).
-20
Let t(a) be the second derivative of -a**4/6 + a**3/3 + 3*a**2/2 + 4*a. Let y(d) = 3*d**2 - d - 2. Let j(g) = -4*t(g) - 3*y(g). Let b = 26 - 31. Calculate j(b).
-6
Let s(v) = v**2 - 9*v - 10. Let r = -42 + 181. Let i = r - 130. Determine s(i).
-10
Let k(x) = x**2 + 3*x - 3. Let b(t) = -t**2 +